number?
False
Is 1861371029 composite?
True
Is 1039824239 a prime number?
False
Is 692149919 a composite number?
False
Is 198650359763 a prime number?
False
Is 871608737 composite?
True
Is 4249245599 prime?
False
Is 837252337 a prime number?
False
Is 2524648967 prime?
False
Is 3047769059 composite?
True
Is 437006609 prime?
False
Is 13339092307 a prime number?
False
Is 22340932267 prime?
False
Is 10173071 a composite number?
False
Is 4288263947 composite?
True
Is 73967955461 prime?
True
Is 1052226499 a prime number?
False
Is 1708247741 a composite number?
False
Is 35718063 composite?
True
Is 2767244555 composite?
True
Is 26366653 a prime number?
False
Is 85985250907 prime?
True
Is 94406829467 composite?
False
Is 859514753 a prime number?
False
Is 1921158517 a composite number?
False
Is 3570698069 prime?
True
Is 13073650537 a prime number?
True
Is 54559901 prime?
False
Is 164305781 prime?
True
Is 1335753109 a prime number?
False
Is 98870731 a prime number?
False
Is 1203661091 composite?
False
Is 2707740241 prime?
True
Is 57246679723 composite?
False
Is 834948497 prime?
True
Is 26346862417 composite?
False
Is 60158994911 prime?
False
Is 1981913561 a composite number?
False
Is 12984661003 prime?
True
Is 21618628883 a composite number?
False
Is 127925573 a prime number?
True
Is 1559106623 a prime number?
False
Is 510231157 composite?
False
Is 53679749501 prime?
False
Is 9699108233 a prime number?
True
Is 22365462319 a composite number?
True
Is 251011682 composite?
True
Is 9385181179 a prime number?
False
Is 49075567 a composite number?
True
Is 26421955877 a composite number?
False
Is 3354177473 prime?
False
Is 10259104157 a prime number?
False
Is 4571230511 composite?
False
Is 11733369457 a prime number?
True
Is 380320711 prime?
True
Is 8490751189 a prime number?
False
Is 137424205 composite?
True
Is 3123723397 composite?
True
Is 949135777 composite?
False
Is 2692985831 prime?
False
Is 77213997749 a prime number?
False
Is 2394936547 a prime number?
False
Is 356158837 composite?
True
Is 31260701081 a prime number?
False
Is 347627919 a prime number?
False
Is 47588903083 composite?
False
Is 303846713 a prime number?
False
Is 276772219 a prime number?
False
Is 11243277137 prime?
True
Is 632013787 a composite number?
False
Is 1884669653 composite?
True
Is 1368618619 a composite number?
True
Is 2194489849 a prime number?
False
Is 80865482597 a composite number?
False
Is 205903211 a composite number?
False
Is 1835061607 composite?
False
Is 37496374667 composite?
False
Is 308032651 prime?
True
Is 422885201 a prime number?
True
Is 44210824949 a prime number?
False
Is 21197227751 composite?
True
Is 6783670379 composite?
False
Is 11440118267 composite?
False
Is 24166033 a composite number?
True
Is 15730665681 a composite number?
True
Is 1254750559 a composite number?
True
Is 31308046853 composite?
True
Is 877793849 composite?
False
Is 10073000363 a prime number?
False
Is 29457996439 composite?
True
Is 450040663 composite?
False
Is 861986843 prime?
True
Is 14732100773 a prime number?
False
Is 29961713 a prime number?
False
Is 15120201133 prime?
False
Is 26964114823 prime?
True
Is 1600284659 prime?
False
Is 62545423 a prime number?
True
Is 209082193 a prime number?
True
Is 108178337 a prime number?
True
Is 37050330389 a prime number?
False
Is 70305889081 prime?
True
Is 9710040917 prime?
True
Is 84495065683 prime?
False
Is 3699768829 composite?
False
Is 677191349 composite?
False
Is 1385454571 composite?
False
Is 31082143639 a composite number?
True
Is 1212969853 a prime number?
False
Is 184411247 composite?
False
Is 768818209 composite?
True
Is 1838497091 a composite number?
False
Is 35192400989 a composite number?
True
Is 4901710263 a prime number?
False
Is 39750484351 a composite number?
False
Is 621607013 a composite number?
False
Is 519382687 a composite number?
True
Is 19697782627 prime?
True
Is 19189352483 a prime number?
False
Is 482871523 composite?
False
Is 2835379511 prime?
False
Is 22942057729 a composite number?
False
Is 389894111 a prime number?
False
Is 3039996662 a composite number?
True
Is 204849247 a prime number?
False
Is 1186320262 a composite number?
True
Is 73025354201 composite?
False
Is 811519757 a prime number?
False
Is 38886026447 a prime number?
True
Is 2402075509 composite?
False
Is 60817907998 a prime number?
False
Is 314288461 a prime number?
False
Is 899351281 a prime number?
False
Is 118472953789 prime?
True
Is 110185821181 a prime number?
False
Is 3477424007 a prime number?
True
Is 662433913 composite?
False
Is 25788757207 a composite number?
True
Is 21871327 a composite number?
True
Is 10020100897 composite?
False
Is 95139412529 prime?
False
Is 5062316411 a composite number?
False
Is 97121137811 a composite number?
True
Is 2824294213 prime?
False
Is 1529725417 composite?
True
Is 27686812147 a composite number?
False
Is 2176923977 a prime number?
False
Is 61879290987 a prime number?
False
Is 7430371331 composite?
True
Is 1816539551 a composite number?
False
Is 1121268199 a composite number?
False
Is 1331508281 a prime number?
True
Is 8526014927 prime?
True
Is 95002657573 composite?
True
Is 5566441337 a composite number?
True
Is 12706678667 prime?
True
Is 1380100823 a composite number?
False
Is 1254473711 a composite number?
False
Is 6784547027 a prime number?
True
Is 5063363 a prime number?
False
Is 575047877 a prime number?
False
Is 896795069 composite?
False
Is 33136828939 a prime number?
False
Is 6546272687 prime?
False
Is 1070051611 a prime number?
False
Is 486770629 prime?
True
Is 10895402263 a composite number?
True
Is 24834247 a composite number?
True
Is 706150801 a composite number?
False
Is 7402249051 a composite number?
False
Is 86282603899 prime?
True
Is 12860000273 a prime number?
True
Is 1748901803 composite?
True
Is 631091077 prime?
True
Is 4315988401 a composite number?
False
Is 23203577437 prime?
True
Is 1733852623 composite?
False
Is 1017477587 prime?
False
Is 2135714531 a prime number?
True
Is 4682593957 a prime number?
True
Is 1027684871 a prime number?
True
Is 119318071 composite?
False
Is 677122489 a composite number?
True
Is 986594789 composite?
False
Is 779005033 a composite number?
True
Is 46279447373 composite?
False
Is 37829221 a composite number?
False
Is 35626752737 a composite number?
False
Is 68414540069 composite?
True
Is 38574277801 a composite number?
True
Is 74136565 composite?
True
Is 2863789427 composite?
False
Is 35176342679 prime?
False
Is 663132461 prime?
True
Is 152605207721 a composite number?
False
Is 9111463643 a composite number?
False
Is 16648735847 composite?
False
Is 1507286666 prime?
False
Is 2053251167 a prime number?
False
Is 4878559 a composite number?
True
Is 29168981 prime?
True
Is 9761481853 a composite number?
True
Is 10006467 prime?
False
Is 476986798733 prime?
True
Is 1088820259 composite?
False
Is 530242241 a composite number?
False
Is 685859533 a composite number?
True
Is 4109216899 composite?
False
Is 2463018647 prime?
True
Is 23808873557 composite?
True
Is 389299016989 prime?
False
Is 38978592413 a prime number?
False
Is 1987747103 a composite number?
False
Is 152161073189 composite?
False
Is 9180653201 composite?
True
Is 44070269983 a prime number?
True
Is 1428935309 composite?
True
Is 311552167 a prime number?
False
Is 241655041 a composite number?
False
Is 6018112483 a prime number?
False
Is 94345327 prime?
True
Is 122040734197 prime?
False
Is 14983493341 prime?
False
Is 289029677 a prime number?
False
Is 2026039123 composite?
False
Is 520245589 composite?
True
Is 119418908347 a prime number?
False
Is 2144252557 a composite number?
False
Is 2114783933 a composite number?
False
Is 3459048823 a composite number?
False
Is 2641538929 a prime number?
True
Is 460137127 composite?
False
Is 333899663 prime?
False
Is 172535639 a composite number?
False
Is 96867167 a composite number?
True
Is 26465866961 composite?
True
Is 185999170745 prime?
False
Is 4311125111 composite?
False
Is 147765776173 composite?
False
Is 808185866 a composite number?
True
Is 53457934109 prime?
False
Is 3948736195 a composite number?
True
Is 2945551549 a composite number?
False
Is 19676252213 a composite number?
False
Is 856562557 a composite number?
True
Is 2348096029 prime?
True
Is 133075879199